63
List the prime factors of ((-4)/(-5))/(-4) - (196480/(-50))/8.
491
Let k(c) = -495*c + 406. Let d be k(-9). Let u = d + -3441. What are the prime factors of u?
2, 5, 71
Let w = 66 + -61. Let k be -2 - (213/(-2) - w/10). Suppose k = 4*c - 19. What are the prime factors of c?
31
Let o(m) = -2*m**3 - 17*m**2 + 30*m + 57. Let x be o(-17). Suppose 4351 + 119 = 5*g - a, a - x = -5*g. What are the prime factors of g?
19, 47
Let h = -15 + 20. Let a(t) = -23 + 2 - 8*t + h. What are the prime factors of a(-8)?
2, 3
Let m = -6597 + 12158. What are the prime factors of m?
67, 83
Let s(z) = 183*z + 504. List the prime factors of s(7).
3, 5, 7, 17
Suppose 0 = 74*t - t - 1225597. List the prime factors of t.
103, 163
Suppose 977 = 2*m + 977. Let b = 17 - 7. Suppose -b*y + 0*y + 630 = m. List the prime factors of y.
3, 7
What are the prime factors of (31898 - (12 - -13)) + 0 + -11?
2, 89, 179
Let y = 25 + 82. Let f = y + -101. Suppose -f*k + 1350 = 132. List the prime factors of k.
7, 29
Let w = 585 + -273. Let l be ((-6)/15)/(-3 - w/(-105)). What are the prime factors of -1 - 18/(-14) - (-52)/l?
2
Let h = -2382 - -3357. Suppose 0 = -5*m + 615 + h. List the prime factors of m.
2, 3, 53
Let u(i) = -i**2 + 38*i - 34. Let f be u(37). Suppose -f*j + 0*l - l = -697, -j - l + 235 = 0. What are the prime factors of j?
3, 7, 11
Let h = -21 - -55. Let t be -3 + 0 + 4 - (-2 - -1). Suppose -w - h = -t*w. List the prime factors of w.
2, 17
Let y(t) be the first derivative of 7*t**2/2 + 53*t - 18. Let p be y(-6). Suppose 0 = -p*i + 2*i + 1161. What are the prime factors of i?
3, 43
Let m(q) = 2*q**2 - 13*q - 33. Let w(z) = 3*z**2 - 13*z - 33. Let b(a) = -5*m(a) + 4*w(a). List the prime factors of b(-9).
2, 3, 13
Suppose 3*h = -34*j + 31*j + 6, -j = 1. Suppose -7976 = -5*k - 13*c + 10*c, 4*c = -h*k + 4779. List the prime factors of k.
1597
Suppose -42*c + 40*c + 12 = 0. Suppose -2430 = -c*t - 834. List the prime factors of t.
2, 7, 19
Suppose -4*s + 31885 = 5*h, -49*h - 5*s - 31840 = -54*h. List the prime factors of h.
6373
Let g(b) = -18*b**2 - 2*b + 30. Let s(p) = -17*p**2 - 2*p + 29. Let z(u) = -6*g(u) + 5*s(u). What are the prime factors of z(-4)?
5, 13
Let h(r) be the third derivative of -r**5/60 - 9*r**4/8 + 7*r**3/6 - 74*r**2. What are the prime factors of h(-18)?
13
Let w = 29576 - 14455. List the prime factors of w.
15121
Suppose 2*q - 5 = u, q + q = -2*u + 2. Suppose -4*s + 2*d = -q*d - 36, 2*s = -4*d. What are the prime factors of s - 0/(5 - 2)?
2, 3
Let g be 5/(((-6)/(-3))/(-2)). Let v(o) be the first derivative of -14*o**2 + 13*o - 102. What are the prime factors of v(g)?
3, 17
Let u = 48 + -45. Let w(b) = -9 + u*b + 1 + 42*b + 0. What are the prime factors of w(4)?
2, 43
Let t = 227 - 227. Suppose t = 5*o + q - 4757, -11*o + 6*o + 4763 = 4*q. What are the prime factors of o?
3, 317
Suppose 6*s + 18 = 6. Let f(h) = -h**2 - 9*h - 1. Let r be f(s). Let z = r + 34. What are the prime factors of z?
47
Let v(p) = -47*p + 32. Let f = 257 - 267. What are the prime factors of v(f)?
2, 251
Let b(h) = 5*h - 169. Let k(z) = 2*z**2 - 11*z + 1. Let p be k(6). Let l(q) = -2*q + 85. Let w(t) = p*l(t) + 3*b(t). What are the prime factors of w(-23)?
5, 13
Let n be (53 - 55)/((-855)/(-857) + -1). Suppose 3*c = -n + 2468. Suppose -h = 2*h - c. List the prime factors of h.
179
Let w(p) = 8*p**2 - 3. Let l(h) = -2*h**2 + 10*h - 4. Let f be l(4). List the prime factors of w(f).
5
Let l = 3360 + 254. List the prime factors of l.
2, 13, 139
Suppose -2*c + 3*p - 7*p - 2 = 0, -2*p = -4*c + 26. Let w(o) = 25*o + 22. Let y(n) = -52*n - 44. Let h(r) = 5*w(r) + 2*y(r). What are the prime factors of h(c)?
127
Let q be 3 - 2/1 - (50 + -96). Let f = q - -166. List the prime factors of f.
3, 71
Let i = 412 - -1. Suppose 5*c = -3*m + 411, 5*c + 0*m = -4*m + i. Let o = c + -33. What are the prime factors of o?
2, 3
Let a(q) = -q**3 + 3*q**2 - 5*q + 1. Let g be a(4). Let z = g - -48. Suppose -9*j - 216 = -z*j. What are the prime factors of j?
2, 3
Let c(i) = i**3 + 7*i**2 - 11*i - 7. Let r be c(-7). Let y = 75 - r. Suppose 124 = m - z - 22, -y*m + z = -718. List the prime factors of m.
11, 13
Let g = 20110 - 9890. List the prime factors of g.
2, 5, 7, 73
Suppose 3*w + 3*l - 6 = -0, 0 = 4*w - 5*l - 17. Suppose q + 1248 = 3*p, w*p = -10*q + 5*q + 1248. What are the prime factors of p?
2, 13
Let z be (-2)/4 + 35/14. Let j(u) = -5*u - 4*u**3 + 3*u**2 + 16 + 8 + 9*u**3 - 17. What are the prime factors of j(z)?
7
Let r = -207 - -210. Suppose 3*o + 1323 = r*z - 0*z, 2*o = -2*z + 898. List the prime factors of z.
5, 89
Let y(x) = 13*x**2 + x - 3. Let n = 703 + -710. What are the prime factors of y(n)?
3, 11, 19
Let s = 91 - 87. Let n = s + 143. What are the prime factors of n?
3, 7
Suppose 5*k = 2*c - 5, -k - 4 = -0*c - c. Suppose -3*m = c*s - 464, -5*s + 10*m - 5*m = -440. List the prime factors of s.
7, 13
Suppose -x + 5*r + 22 = 0, -4*x + 3*x + 4*r + 19 = 0. Let w = x - 3. Suppose -w*t = t - 245. What are the prime factors of t?
7
What are the prime factors of ((-16895268)/(-1170))/(4/10)?
13, 2777
Let k be (-2)/(40/(-21) - -2). Let o be -3 + 0 + -1 + k. Let i = o - -69. List the prime factors of i.
2, 11
Let h = -38 - -41. Suppose h*j - 5*z = 71, 52 = 5*j - 3*z - 61. What are the prime factors of j?
2, 11
Let o be (-60)/(-140) - 5366/(-7). Suppose -o*f - 2624 = -769*f. List the prime factors of f.
2, 41
Let q(a) = 17*a**2 - 81*a + 6612. What are the prime factors of q(47)?
2, 17, 1187
Let l be (-4)/(-10) + (-25893)/(-105). Suppose 0 = 3*t - l + 10. Suppose -10*j + 371 = -t. List the prime factors of j.
3, 5
Let k(y) = y**3 + 7*y**2 - 5*y - 27. Let f be k(-3). List the prime factors of 1305/(-2)*3*f/(-108).
3, 5, 29
Let u(r) = -43*r - 39. Let m be u(17). Let n be m/50 - (-6)/(-10). What are the prime factors of n*(-141)/6*(-2)/(-4)?
2, 47
Suppose -5*a + w + 2101 = 0, 0 = -3*a - 0*a + 5*w + 1243. Suppose -a - 439 = -4*o. Suppose -71 = 4*g - o. List the prime factors of g.
2, 3
List the prime factors of 572/1287 - (-78963)/27.
3, 5, 13
What are the prime factors of (52/(-10))/((-286)/541970)?
2, 13, 379
Suppose 138046 = 41*h - 13613. List the prime factors of h.
3, 137
Suppose c - 7 = 2*b, -6*c = -9*c + 3*b + 18. What are the prime factors of (-4308)/(-24) + c + (-1)/(-2)?
5, 37
Let t be -6 + 2 + 8 - 2. Suppose t*l = 3*i - l - 2253, -4*i = l - 3009. List the prime factors of i.
2, 47
Let v = -6852 - -9702. Suppose -910 = 4*j - v. What are the prime factors of j?
5, 97
Suppose -4*h = 28 - 112. Suppose -4*o + k = -57, -o = -2*o - 2*k + h. Suppose -8*b - 658 = -o*b. List the prime factors of b.
2, 47
Suppose -328 = 2*p + 2*b, -172 = 2*p - p + 5*b. Let m = -272 - p. Let d = m - -226. What are the prime factors of d?
2, 29
Let c be -1 + -4 - -7 - -40. Suppose -2*j + 0*j - c = 0. Let d = j + 142. List the prime factors of d.
11
Let w = -57 - -65. Let x(y) = 16*y**2 + y + 4. Let n be x(w). Suppose -4*f + 5*h = -1030, 6*h - n = -4*f + 8*h. List the prime factors of f.
2, 5, 13
Suppose g = -2*t + 2020, -3*t - 3033 = -2*g + 993. What are the prime factors of g?
2, 3, 7
Let r be 3/((-3)/(-2))*(-10)/(-4). Suppose r*b - 43 = 4*x + 15, b - 12 = x. Suppose -b*p = -16*p + 804. List the prime factors of p.
2, 67
Let z(s) = 596*s**2 + 3*s - 1. Suppose -8*y = 28*y + 36. List the prime factors of z(y).
2, 37
Let l(h) = 638*h**2 + 46*h + 29. What are the prime factors of l(-5)?
15749
Suppose 5*w = 6*u - 13*u + 356547, 2*u + w = 101874. What are the prime factors of u?
11, 421
Let a be (-33)/(-5)*(27 + -42). What are the prime factors of -1 + 4 + (-11)/(a/9342)?
3, 347
Suppose 0 = 3*j + j. Let a be j/(-3 - 1 - -5). Suppose a = 21*b - 18*b - 24. List the prime factors of b.
2
Suppose -3*d + 7*f + 20040 = 6*f, d - 2*f - 6675 = 0. Suppose -2195 = -14*z + d. What are the prime factors of z?
2, 317
Suppose p - 20 = -3*p - 2*f, -2*f = 2*p - 12. Let i be (-1)/(12/(-448)) + p/(-3). Suppose 0 = -9*r + i + 18. What are the prime factors of r?
2, 3
Let c(m) = -25*m + 14. Let n(p) = 12*p**3 + 2*p**2 + 6*p. Let r(u) = u**3 + u. Let i(v) = -n(v) + 8*r(v). Let w be i(1). What are the prime factors of c(w)?
2, 3, 19
Let w(j) = -24*j**3 + 9*j**2 - 9*j - 22. What are the prime factors of w(-5)?
2, 7, 29
Suppose 25*d = 30*d - 11*i - 14